3 + (-219)/(-27). Suppose 3*w - 5*c = -l - 6, -t*w - 4 = 2*c. Let z(p) = -2*p**2 - 4*p + 1. Determine z(w).
-5
Let x(g) = 5*g**2 - 2*g - 4. Let k(b) = b**3 + 36*b**2 + 37*b + 73. Let d = 236 - 271. Let p be k(d). Give x(p).
35
Let x(c) = 4*c + 13. Let f(a) = -a**3 - 25*a**2 - 95*a + 104. Let o be f(-20). What is x(o)?
29
Let m(w) = 2*w + 6. Suppose 2*l = -10*l - 3252. Let c = l + 277. Give m(c).
18
Let j(m) = 526*m + 24 - 172*m - m**3 - 10*m**2 - 11*m**2 - 187*m - 205*m. What is j(-19)?
24
Let l(x) = x**2 + 14*x - 138. Suppose 11*y = -19*y - 28 + 238. Determine l(y).
9
Let v(i) = 8*i + 2. Let a be 7*6/63*(-359 - 1). Let u = a - -243. Determine v(u).
26
Let m(k) = 3*k**3 + 2*k**2 - k - 1. Let c(x) = 8 + x**3 + 92*x**2 - 92*x**2. Let v be c(0). Suppose 7*u - 11*u = v. Calculate m(u).
-15
Let k(f) = -3*f**2 + 3*f + 18. Let p(d) = 2*d + 94. Let i be p(-47). Determine k(i).
18
Let y(z) = z**3 + 16*z**2 + 39*z + 3. Let r be y(-13). Let w(b) = -149 + 59 - b**r + b + 54. What is w(0)?
-36
Let y(u) = 10*u + 16. Suppose 38 = 4*q - 3*t + 21, 3*t + 21 = 0. What is y(q)?
6
Let z(v) = -v**2 - 3*v + 5. Let p = -90 - -125. Let u = p + -39. What is z(u)?
1
Let a(l) = 64*l + 165. Let v(u) = 33*u + 77. Let p(c) = -4*a(c) + 9*v(c). Give p(-1).
-8
Let o(u) = 9*u - 26. Suppose 116*s - 45 = 107*s. Calculate o(s).
19
Let f(s) = -s + 7. Let g(h) = 7*h - 285. Let u be g(42). Give f(u).
-2
Let u(j) = -8*j**2 - 9*j - 35. Let y(p) = -p**2 - p - 3. Let h(m) = u(m) - 9*y(m). Determine h(8).
56
Let j = -2277 + 2283. Let i(t) = t**2 + t + 8. Give i(j).
50
Let a(r) be the third derivative of 1/10*r**5 + 93*r + 2*r**2 - 1/24*r**4 + 5/6*r**3 - 1/120*r**6 + 0. Determine a(5).
25
Let i = -38275 - -38253. Let x(f) = 5*f + 92. Calculate x(i).
-18
Suppose -427 = -10*a - 107. Let c(v) = 1 + 27*v + a*v + v**2 + 23*v + 9*v**3 - 80*v. Give c(-1).
-9
Let c(k) be the first derivative of 0*k**2 - 10 + 1/6*k**3 + 0*k**4 - 1/20*k**5 - 5*k. Let q(g) be the first derivative of c(g). Determine q(-1).
0
Let p(u) = -u**2 + 3*u - 8. Let n(b) = -258*b**2 + 7*b. Let l be n(1). Let j = -245 - l. Determine p(j).
-26
Suppose p = 5*g - 19, 2*g + 8*p - 6 = 10*p. Let t(s) be the third derivative of -1/60*s**5 + 5/6*s**3 + 0*s + 1/12*s**g + 0 + 37*s**2. Calculate t(4).
-3
Let i(u) = u. Let f(s) = 12*s + 1. Let w(l) = -f(l) + 6*i(l). Suppose -20 = 18*k - 8*k. Let x be k + (3 - (-18)/(-6)) - -1. Calculate w(x).
5
Suppose -4*w - 50 = 5*p, p + 30 - 4 = -4*w. Let f(c) = 306 + c - 12 - 295. Give f(p).
-7
Let m be 5*(-5)/5 + (-50)/(-5). Suppose -2*k = m*w + 41, 2*w - 4*k = -2*w - 44. Let v(z) = -3*z - 6. What is v(w)?
21
Let t be -13 - (1 + -7 + 5). Let k(h) = 9*h + 13. What is k(t)?
-95
Let r(k) be the second derivative of k**3/6 + k. Let z = -731790 - -731791. Determine r(z).
1
Let g(w) = -w - 10. Suppose 3*q = -3*d + 12, 0*q + 22 = 2*d - 5*q. Let y be 55/(-10) + d/4. Calculate g(y).
-6
Let n(o) = -5*o**3 - 21*o**2 - 17*o - 28. Let x(v) = -2*v**3 - 8*v. Let h(j) = n(j) - 2*x(j). Give h(-21).
-7
Let s(x) be the first derivative of 3*x**4/4 + 44*x**3/3 - 9*x**2 - 36*x + 5719. Determine s(-15).
9
Let t = 23 - 21. Let c(x) = -x**3 + x**2 + 9*x + 1. Let d(j) = 2*j**3 - 27*j - 3. Let u(g) = -3*c(g) - d(g). Calculate u(t).
-4
Let a(q) = 40*q**3 + 26*q**2 + 44*q - 21. Let b(s) = 23*s**3 + 12*s**2 + 22*s - 10. Let g(x) = -4*a(x) + 7*b(x). Determine g(21).
-7
Let w(m) = -2*m**2 - 22*m + 5. Suppose 4*y + 4*v + 32 = 0, -20*v = 4*y - 17*v + 35. Give w(y).
5
Let t(p) = -p**3 + 9*p**2 - 17*p - 41. Let b be t(4). Let k(u) = -u**3 - 28*u**2 + 30*u + 26. Calculate k(b).
-3
Let l(c) be the second derivative of c**3/3 - 5*c**2/2 + 9*c. Suppose 2*j - 6 - 2 = -3*h, 3*j - 3 = 0. Let t be l(h). Let n(q) = 10*q**2 + q. Give n(t).
9
Let d(r) = 2*r - 49. Let y be ((-9350)/60)/11 + 5/(-6). Determine d(y).
-79
Let i(c) = 3*c**3 - 18*c**2 - 38*c + 7. Let t(z) = z**3 - 6*z**2 - 13*z + 2. Let m(j) = -4*i(j) + 11*t(j). Let w be (2/20)/(72/(-840))*-6. Determine m(w).
8
Let i(s) = -2*s**3 - 8*s**2 + s + 7. Let j be i(1). Let w(x) = 18*x + 8. What is w(j)?
-28
Let m(o) = o**3 - 7*o**2 - 2*o + 17. Let z be (-3)/(-8) - 1*(-2185)/40. Let a = z - 48. Determine m(a).
3
Let m(w) be the third derivative of -w**6/120 + 17*w**5/60 + 3*w**4/4 + w**3 - 1880*w**2. Calculate m(18).
6
Suppose 7*j + 413 = -1190. Let g = -229 - j. Let r(z) = -z + 8. Determine r(g).
8
Let q(z) = -7*z**3 + z**2 - 24*z - 25. Let w be q(-1). Let x(p) = p**3 - 9*p**2 + 10*p - 6. What is x(w)?
-34
Suppose -3*l = 38*d - 33*d + 5, 3*l + 4*d = -4. Let x(p) = p**3 - 2*p**2 - 3*p + 9. What is x(l)?
9
Let z(w) = 8*w**2 + 265*w + 32. Let s(q) = -q**2 + 18*q + 30. Let n be s(21). Calculate z(n).
-1
Let c = -225 - -226. Let z(s) = -9*s - 1 + 0 + 3 + c. Determine z(2).
-15
Let l be (-14 - (5 + -23)) + -4. Let p(q) be the third derivative of 0*q + l - 22*q**2 + q**3 + 1/3*q**4 - 1/60*q**5. Calculate p(7).
13
Let o = 103/540 + -19/135. Let b(d) be the second derivative of -34*d + 2*d**2 + 1/4*d**4 - o*d**5 + 0 + 1/6*d**3. What is b(4)?
-8
Let r(m) = -m + 53. Let w be r(4). Let h(s) = 2*s**2 + 5*s + 2. Let f be h(-6). Let y = w - f. Let g(b) = -b**2 + 4*b. Give g(y).
-5
Let w(v) = -v**2 - 11*v + 14. Suppose 241*k = 142*k - 1287. Give w(k).
-12
Let x(t) = 2*t**3 - 9*t**2 + 8*t - 15. Let n be x(4). Let v(b) = -53*b**2 - 1. What is v(n)?
-54
Let z(m) = -2*m**3 - 4*m**2 + 7*m + 3. Let x be z(-3). Suppose -4*y - 26 = -x*n + n, -4*y - 8 = -2*n. Let s(j) = j**3 + 5*j**2 - 7*j + 4. Calculate s(n).
10
Suppose -197*p + 203*p = 72. Let c(k) = 12*k - 4. Let b(q) = q**2. Let h(w) = b(w) - c(w). Determine h(p).
4
Suppose 0 = -19*t + 39*t - 500. Let i(j) = 16 - t*j**2 - 5 + 11*j**2 + 13*j**2 - 14*j + 3*j. Calculate i(-9).
29
Let g(r) = r + 4. Suppose 5*t = 5*l + 2080, -3*t + 4*t = 0. Let c = -421 - l. Calculate g(c).
-1
Let o(z) = -2*z**3 + 10*z**2 - 11*z + 6. Let y be o(4). Let p be y/4 - (-98)/(-28). Let h(b) = 4*b + 1. Give h(p).
-19
Let t(o) = -o**3 - 2*o - 1. Suppose 300*h = 284*h - 32. Give t(h).
11
Suppose 10*t - 4*t = -30. Suppose 6 = 3*h, -5*f - 7 + 27 = -5*h. Let a(x) = -x**3 + 11*x**3 + 6*x - 4*x**2 - f*x**3 - 5*x**3 + 1. Determine a(t).
-4
Let x(j) = 4*j**2 - 49*j - 27. Suppose -13*c + 5*c = -24*c + 208. Calculate x(c).
12
Let c(q) = -10 - 11 - 1 + 13*q + 18. Let n(t) = -6*t + 2. Let j(y) = 3*c(y) + 7*n(y). Determine j(2).
-4
Let i = -4 + 2. Let o(d) = 3*d**3 - d**2 - d + 14. Let k(w) = 4*w**3 - w**2 - w + 20. Let v(n) = -5*k(n) + 7*o(n). Determine v(i).
-14
Let v(b) = -3*b**2 - 5*b. Let u(y) = -17*y - 253. Let d be u(-15). Let h(s) = -s**2 - 3*s. Suppose 9 = -2*o - 1. Let n(q) = d*v(q) + o*h(q). What is n(4)?
4
Let p(b) = -4*b**2 - 1. Let h(z) = -6 + 0 + 12*z - 5. Let x be h(3). Suppose 10*m = x*m + 15. What is p(m)?
-5
Let s(x) = 2*x + 8. Let k = 39 + -36. Suppose -8*r + 15 = -k*r. Suppose 2 = -0*a - r*a + 4*w, 2*a = 4*w + 4. Calculate s(a).
-4
Let r(b) = -2*b**2 + 10*b - 15. Let x(s) be the first derivative of -s**3 + 15*s**2/2 - 22*s - 74. Let l(a) = -8*r(a) + 5*x(a). Calculate l(8).
34
Let f(i) = 34*i + 6. Let m = -8374 + 8378. Give f(m).
142
Suppose 0 = -k - 2*k + 15. Suppose -r - 2*r - l = -88, -k*r - 2*l = -146. Suppose -4*o - 2 = -r. Let v(w) = -w**2 + 6*w + 6. Calculate v(o).
-1
Let l(w) be the first derivative of w**4/4 - 6*w**3 + 17*w**2/2 - 8*w + 696. Let t be (616/(-18))/(-2) + 2/(-18). Calculate l(t).
-8
Let h = 3883 + -7765/2. Let w(q) be the first derivative of 2*q - h*q**2 + 9. Calculate w(4).
-2
Let g(d) = -4*d + 26. Let r be g(5). Suppose 10 = 8*n - r*n. Let k(o) = 0*o + o + 7 - n*o + 5*o. Calculate k(-6).
1
Let v(g) = g**2 + 4*g + 5. Let w = -6 + 10. Suppose -w*i - 15 - 1 = 0, -4*i = -3*s + 10. Let h = s - 3. Determine v(h).
10
Let q(l) = -l**2 - 11*l. Let a(y) = -25*y - 4*y**2 + 15*y + 3*y**2. Let j(n) = -5*a(n) + 4*q(n). Let c be (1 - -1)*(-10)/4. What is j(c)?
-5
Let u(b) = -2*b. Let f(z) = -14*z - 2. Let j(i) = f(i) - 6*u(i). Let k = 3 + -4. Calculate j(k).
0
Let t(l) be the first derivative of 3*l**2/2 - 34*l + 1140. Suppose -n + 11 = 3*g, -2*n - 4*g + 22 = g. Give t(n).
-1
Let t(j) = -6*j - 142. Suppose 0 = -n + 2*m - 43 + 13, 3*n + 3*m = -72. Calculate t(n).
14
Let b(k) = -30*k - 24*k + 2 + 84*k - 20*k - 20*k. Suppose r - 23 = -21. Give b(r).
-18
Suppose j + 246 = 248.